ided by 14?
13
Suppose -4*l + 3*l + 5*i + 7 = 0, -3*l = -5*i - 31. Let m be 2/6 - (-472)/6. Let f = m + -45. Calculate the remainder when f is divided by l.
10
Let q(d) = -d**2 - 15*d + 14. Suppose -3*k = 12, -n + k = 5*k + 11. What is the remainder when q(-15) is divided by n?
4
Let i(a) be the third derivative of -a**6/120 - 7*a**5/60 + a**3 - 3*a**2. What is the remainder when 11 is divided by i(-7)?
5
Let y(j) = -j**3 + 11*j**2 - 8*j + 15. Let n be y(10). Suppose 3*q - 13 - n = 0. Calculate the remainder when 61 is divided by q.
13
Suppose n = -4*o - o + 124, -3*o + 60 = -3*n. Calculate the remainder when 95 is divided by o.
23
Suppose 0 = 3*h - 12, p - 256 = 4*h + 50. Suppose 2*j + 104 = p. Calculate the remainder when j is divided by 28.
25
Suppose t - 27 = 26. Let k = t - 14. Calculate the remainder when k is divided by 10.
9
Let j = 61 + -22. Let w = j + 4. What is the remainder when w is divided by 15?
13
Let j(n) = -2*n**2 - 20*n + 52. Let b = -18 + 29. Calculate the remainder when b is divided by j(-12).
3
Let o(g) = g - 1 + 3*g**2 - g**2 - g**2. Let h be o(-3). Suppose 3*r = -h*i + 64, 0*r - 9 = -3*r. Calculate the remainder when 31 is divided by i.
9
Suppose 0 = 5*o - 34 - 131. Suppose -4*h = -10 - 6. Suppose 2*w = w + 4*c + 33, 2*w - 18 = -h*c. What is the remainder when o is divided by w?
16
Let s(k) = k**2 - 5*k - 1. Let a be s(5). Let g(b) = -2*b**3 - b**2 - b. Let y be g(a). What is the remainder when 41 is divided by (-2)/y - 3*-5?
13
Suppose 3*m - 14*m + 429 = 0. Calculate the remainder when m is divided by 22.
17
Let o(w) = w**2 + 26*w + 18. Calculate the remainder when o(-30) is divided by 20.
18
Let w be (-4)/2 - (-45 + 2). Let l = w + -28. What is the remainder when 38 is divided by l?
12
Let s(h) = 4*h - 3. Calculate the remainder when 7 is divided by s(2).
2
Suppose 17*b - 118 - 1 = 0. Calculate the remainder when 48 is divided by b.
6
Suppose 4*v - 21 = 3*v. Calculate the remainder when 60 is divided by v.
18
Suppose -t = -3*u - u + 12, 0 = 2*t + 8. Let n(z) = 2*z**2 + 1. What is the remainder when 25 is divided by n(u)?
7
Let i = -46 - -25. Let r = i - -24. Calculate the remainder when 3 is divided by r.
0
Suppose -2*v = 3*v + 3*y - 35, -2*v = -2*y + 2. Suppose m + 4*w - 51 = -0*m, v*w = -4*m + 168. Calculate the remainder when m is divided by 20.
19
Let c(q) = -q**3 - 14*q**2 - 12*q + 9. Let j be c(-13). Let p(m) = -m - 2. Calculate the remainder when 3 is divided by p(j).
1
Suppose -4*c - 5*j + 10 = -2*c, -c - 2*j + 7 = 0. Suppose 2*d - 371 = -5*y, -5*d - 58 = -y - 0*y. Calculate the remainder when y is divided by 1 + 1 + c - -2.
16
Suppose 0*p + 96 = 4*r - 5*p, 0 = 3*r + p - 53. Calculate the remainder when r is divided by 5.
4
Let i(s) = 9*s. Calculate the remainder when i(5) is divided by 23.
22
Let j = -3 - 0. What is the remainder when 5 is divided by (-4)/(-1 - (j + 4))?
1
Let x(a) = a**2 + 13*a - 16. Let d be x(-13). Let w(m) = m**2 + 16*m + 13. What is the remainder when 22 is divided by w(d)?
9
Let z = 59 + -35. Suppose -2*q + 16 + z = 0. What is the remainder when 38 is divided by q?
18
Suppose 0 = -5*p + 4*p. Suppose -3*h + 4*q = -p*q, -3*h = 2*q - 18. Suppose -2*j + 34 = -h. Calculate the remainder when j is divided by 10.
9
Suppose -7*a + 4*a = -9. Let h(y) = 2 + y - 4*y + 2*y**2 + 2*y. Calculate the remainder when h(a) is divided by 9.
8
Let o be (-1)/(-2 + (-3)/(-2)). Let q(n) = n**3 + n**2 + n. Calculate the remainder when q(o) is divided by 8.
6
Let w(c) = 2*c**2 - c - 5. Suppose 3*p - 16 = -3*b + 8, 3*b - 16 = -p. What is the remainder when 90 is divided by w(p)?
21
Let a = -5 + 13. Suppose -25 = -5*t + 7*h - 2*h, -t + 8 = -2*h. Suppose 3*k - 15 = 0, -4*p - t*k + 35 = p. Calculate the remainder when a is divided by p.
3
Let r(a) = 7*a**2 + 8*a + 5. What is the remainder when r(-3) is divided by 17?
10
Suppose 2*a + 2 = -0*a. Let g be ((-6)/(-8))/(a/(-4)). Suppose -g*s + 9 = -9. What is the remainder when 10 is divided by s?
4
Suppose 0 = -2*u - 0*u + 66. Let f = -21 + 4. Let z = u + f. Calculate the remainder when z is divided by 9.
7
Let y(d) = -3*d - 5. Let w(m) = -m - 2. Let z(q) = -13*w(q) + 6*y(q). What is the remainder when z(-8) is divided by 19?
17
Suppose 2*g = -0*g + 92. What is the remainder when g is divided by 12?
10
Let n(c) = -c**3 - 2*c**2 - c - 2. Let h = -22 + 34. Suppose -3*v - h + 30 = 0. What is the remainder when n(-3) is divided by v?
4
Let l(i) = i**2 + 5. Let u be l(0). Let c(n) = -3*n**2 - u*n - n**2 + 5*n**2 + 6. Calculate the remainder when 4 is divided by c(4).
0
What is the remainder when 26 is divided by (4 + 32/6)*9/6?
12
Let w(a) = 2*a**2 - 1. Suppose -3*l = -0 - 6. Calculate the remainder when w(l) is divided by (-1)/(-1) + 6/2.
3
Suppose -2*d - 73 = 5. Let x = 0 - -9. Calculate the remainder when d/(((-18)/4)/3) is divided by x.
8
Let g = -30 + 39. Calculate the remainder when (-53)/(-2) + (-2)/4 is divided by g.
8
Suppose 3*j - 10 = -k - 0*k, -5*k + 78 = j. Suppose -3*f - 2*f + 145 = 0. What is the remainder when f is divided by k?
13
Suppose -4*c + 36 = 4*j, c - j + 0 = 1. What is the remainder when 10 is divided by c?
0
Let n be 4 - (1 + -1)/2. Suppose -3*b - o = -4*b + 32, -32 = -b + n*o. Suppose 8 + b = 5*r. Calculate the remainder when r is divided by 3.
2
Suppose 0*l = 3*l. Let x(u) = u**2 + 4. Let v be x(l). Suppose 3 + 53 = 4*z - 3*w, -v*w = 2*z - 28. What is the remainder when z is divided by 5?
4
Let w(q) = -q**3 - 4*q**2 - q + 2. Let f(j) = j**3 + 7*j**2 - 20*j + 10. What is the remainder when f(-9) is divided by w(-4)?
4
Suppose n - 5*q - 24 = 3*n, 0 = 3*n + 3*q + 54. Calculate the remainder when 31 is divided by n/(-2) - (1 - -2).
7
Let s = 125 + -59. Calculate the remainder when s is divided by 17.
15
Suppose 5*u + 0*u - 40 = 0. Let a(v) = -v + 13. Let t be a(-11). Let r = t + -10. What is the remainder when r is divided by u?
6
Suppose -6*v = -35 - 49. Let d(a) = a**3 + a + 39. What is the remainder when d(0) is divided by v?
11
Let d(i) = -10 - i - i + 5*i. Calculate the remainder when d(10) is divided by 7.
6
Let n = -122 - -136. Calculate the remainder when 52 is divided by n.
10
Let s = -2 + 6. Let o = -1 + 1. Let m(f) = f**2 - f + 10. What is the remainder when m(o) is divided by s?
2
Let t = -88 - -99. Suppose 0 = 4*y - 3*y - 19. What is the remainder when y is divided by t?
8
Let j(n) = 3*n**2 - 2*n - 1. Suppose 0*k = -k - 2. Suppose -2*f - y + 83 = 0, 0 = f - 3*f - 4*y + 74. Calculate the remainder when f is divided by j(k).
13
Suppose -2*r - 5*p = 11 - 44, -4 = -4*p. What is the remainder when r is divided by (-1)/((-8)/6) - 66/(-8)?
5
Suppose 3*k + 2*s + 8 = 0, 5*k + 4 = -2*s - 12. Let b = 5 - k. Calculate the remainder when 52 is divided by b.
7
Suppose -4*w + 6 = -w. Let d be -1 + w/(-2) + -4. What is the remainder when (-3)/d*-2*-28 is divided by 15?
13
Let m(q) = -q**3 - 6*q**2 - 10*q - 7. What is the remainder when 30 is divided by m(-5)?
12
Let o(y) = -y**3 + 5*y**2 + 8*y + 4. What is the remainder when o(6) is divided by 6?
4
Suppose 0 = 5*b - 140 - 20. What is the remainder when b is divided by (-138)/(-8) + (-3)/12?
15
Let x(a) = a**3 + a + 3. Suppose -s + 8 = -0. Let l = s - 4. What is the remainder when l is divided by x(0)?
1
Let g(m) = -m**2 - 12*m - 12. Let v be g(-9). Suppose 255 = 4*k + v. Calculate the remainder when 2 is divided by 4/(-18) + k/27.
0
Suppose 5*t = 3*t - 4. Let q = -4 + 9. What is the remainder when (-4 - t)/1 - -15 is divided by q?
3
Suppose 15*d - 189 = 6*d. Calculate the remainder when 59 is divided by d.
17
Let w = 86 - 55. What is the remainder when 90 is divided by w?
28
What is the remainder when 53 is divided by (-261)/(-24) + 2/64*4?
9
Let z(u) = 2*u + 9. Let t be z(8). Suppose 0 = 5*a - 4*g - 15, 5*a - 5*g + 5 = t. What is the remainder when (-388)/(-16) + a/4 is divided by 13?
11
Calculate the remainder when 6/(-4)*1428/(-18) is divided by 15.
14
Suppose 0 = x + 3 - 0. Let d be -5*(96/(-5))/x. Let o = -21 - d. Calculate the remainder when 32 is divided by o.
10
Let s = -18 + 24. Suppose -8*b + 18 = -s*b. What is the remainder when b is divided by 5?
4
Calculate the remainder when 7 is divided by (-4)/14 + 9/(189/48).
1
Suppose 0 = -r + 5*s + 22, -6*s - 30 = -5*r - s. Suppose -20 = -2*b - 